{"id":108,"date":"2024-03-19T22:56:45","date_gmt":"2024-03-19T22:56:45","guid":{"rendered":"https:\/\/sotoval.es\/?page_id=108"},"modified":"2025-01-29T18:12:46","modified_gmt":"2025-01-29T18:12:46","slug":"objetivos","status":"publish","type":"page","link":"https:\/\/sotoval.es\/index.php\/objetivos\/","title":{"rendered":"Objetivos"},"content":{"rendered":"\n<p><strong>En Sotoval afrontamos el reto marcado con el fin de conseguir nuestro objetivo:<\/strong><\/p>\n\n\n\n<div class=\"wp-block-columns is-layout-flex wp-container-core-columns-is-layout-28f84493 wp-block-columns-is-layout-flex\">\n<div class=\"wp-block-column is-layout-flow wp-block-column-is-layout-flow\">\n<ul class=\"wp-block-list\">\n<li>Contribuir a la construcci\u00f3n y desarrollo sostenible de los pa\u00edses en los que estamos presentes con prioridad del propio.<br><\/li>\n\n\n\n<li>Desarrollarnos a trav\u00e9s de entidades privadas c\u00f3mo las nuestras para realizar proyectos de futuro.<br><\/li>\n\n\n\n<li>Implantar tecnolog\u00edas y procedimientos innovadores, eficientes y respetuosos con el medio ambiente.<\/li>\n<\/ul>\n<\/div>\n\n\n\n<div class=\"wp-block-column is-layout-flow wp-block-column-is-layout-flow\">\n<figure class=\"wp-block-image size-full\"><img fetchpriority=\"high\" decoding=\"async\" width=\"500\" height=\"600\" src=\"https:\/\/sotoval.es\/wp-content\/uploads\/2025\/01\/tierra.jpg\" alt=\"\" class=\"wp-image-492\" srcset=\"https:\/\/sotoval.es\/wp-content\/uploads\/2025\/01\/tierra.jpg 500w, https:\/\/sotoval.es\/wp-content\/uploads\/2025\/01\/tierra-250x300.jpg 250w, https:\/\/sotoval.es\/wp-content\/uploads\/2025\/01\/tierra-230x276.jpg 230w, https:\/\/sotoval.es\/wp-content\/uploads\/2025\/01\/tierra-350x420.jpg 350w, https:\/\/sotoval.es\/wp-content\/uploads\/2025\/01\/tierra-480x576.jpg 480w\" sizes=\"(max-width: 500px) 100vw, 500px\" \/><\/figure>\n\n\n\n<p><\/p>\n\n\n\n<p><\/p>\n<\/div>\n\n\n\n<div class=\"wp-block-column is-layout-flow wp-block-column-is-layout-flow\">\n<ul class=\"wp-block-list\">\n<li>Potenciar las capacidades de los recursos humanos incentivando el desarrollo profesional y personal mediante pol\u00edticas de formaci\u00f3n y conciliaci\u00f3n.<br><\/li>\n\n\n\n<li>Crecer de forma equilibrada, estable y progresiva. <br><\/li>\n\n\n\n<li>Integrar a Sotoval como un agente activo de una sociedad globalizada y solidaria.<\/li>\n<\/ul>\n<\/div>\n<\/div>\n\n\n\n<p><\/p>\n","protected":false},"excerpt":{"rendered":"<p>En Sotoval afrontamos el reto marcado con el fin de conseguir nuestro objetivo:<\/p>\n","protected":false},"author":1,"featured_media":0,"parent":0,"menu_order":0,"comment_status":"closed","ping_status":"closed","template":"","meta":{"footnotes":""},"class_list":["post-108","page","type-page","status-publish","hentry"],"_links":{"self":[{"href":"https:\/\/sotoval.es\/index.php\/wp-json\/wp\/v2\/pages\/108","targetHints":{"allow":["GET"]}}],"collection":[{"href":"https:\/\/sotoval.es\/index.php\/wp-json\/wp\/v2\/pages"}],"about":[{"href":"https:\/\/sotoval.es\/index.php\/wp-json\/wp\/v2\/types\/page"}],"author":[{"embeddable":true,"href":"https:\/\/sotoval.es\/index.php\/wp-json\/wp\/v2\/users\/1"}],"replies":[{"embeddable":true,"href":"https:\/\/sotoval.es\/index.php\/wp-json\/wp\/v2\/comments?post=108"}],"version-history":[{"count":5,"href":"https:\/\/sotoval.es\/index.php\/wp-json\/wp\/v2\/pages\/108\/revisions"}],"predecessor-version":[{"id":493,"href":"https:\/\/sotoval.es\/index.php\/wp-json\/wp\/v2\/pages\/108\/revisions\/493"}],"wp:attachment":[{"href":"https:\/\/sotoval.es\/index.php\/wp-json\/wp\/v2\/media?parent=108"}],"curies":[{"name":"wp","href":"https:\/\/api.w.org\/{rel}","templated":true}]}}

<p><strong>En Sotoval afrontamos el reto marcado con el fin de conseguir nuestro objetivo:</strong></p>



<div class="wp-block-columns is-layout-flex wp-container-core-columns-is-layout-28f84493 wp-block-columns-is-layout-flex">
<div class="wp-block-column is-layout-flow wp-block-column-is-layout-flow">
<ul class="wp-block-list">
<li>Contribuir a la construcción y desarrollo sostenible de los países en los que estamos presentes con prioridad del propio.<br></li>



<li>Desarrollarnos a través de entidades privadas cómo las nuestras para realizar proyectos de futuro.<br></li>



<li>Implantar tecnologías y procedimientos innovadores, eficientes y respetuosos con el medio ambiente.</li>
</ul>
</div>



<div class="wp-block-column is-layout-flow wp-block-column-is-layout-flow">
<figure class="wp-block-image size-full"><img fetchpriority="high" decoding="async" width="500" height="600" src="https://sotoval.es/wp-content/uploads/2025/01/tierra.jpg" alt="" class="wp-image-492" srcset="https://sotoval.es/wp-content/uploads/2025/01/tierra.jpg 500w, https://sotoval.es/wp-content/uploads/2025/01/tierra-250x300.jpg 250w, https://sotoval.es/wp-content/uploads/2025/01/tierra-230x276.jpg 230w, https://sotoval.es/wp-content/uploads/2025/01/tierra-350x420.jpg 350w, https://sotoval.es/wp-content/uploads/2025/01/tierra-480x576.jpg 480w" sizes="(max-width: 500px) 100vw, 500px" /></figure>



<p></p>



<p></p>
</div>



<div class="wp-block-column is-layout-flow wp-block-column-is-layout-flow">
<ul class="wp-block-list">
<li>Potenciar las capacidades de los recursos humanos incentivando el desarrollo profesional y personal mediante políticas de formación y conciliación.<br></li>



<li>Crecer de forma equilibrada, estable y progresiva. <br></li>



<li>Integrar a Sotoval como un agente activo de una sociedad globalizada y solidaria.</li>
</ul>
</div>
</div>



<p></p>
